 + y. Calculate the highest common factor of f and s.
14
Suppose 5 = 5*t, -t + 155 = -0*w + w. What is the highest common factor of w and 22?
22
Let t = 100 + -80. Calculate the highest common divisor of 4 and t.
4
Let g(a) = -a - 3. Let i be g(-6). What is the highest common factor of 15 and i?
3
Suppose 3*g - g = c + 179, g + 3*c - 93 = 0. Let b be 2/1 + 30/10. Suppose 3*l + b*p - 59 - 39 = 0, -l - p = -34. What is the greatest common factor of l and g?
18
Let t(q) = -q**3 + 10*q**2 + 7*q - 9. Let i be t(7). Calculate the greatest common factor of 11 and i.
11
Let b(q) = -q**3 - 2*q**2 - q + 4. Let u be b(-7). Calculate the greatest common divisor of 32 and u.
32
Suppose -3*z = 81 + 3. Let k = z - -43. What is the greatest common divisor of 3 and k?
3
Suppose 1 = -x + 10. Suppose 0 = b - 27 - x. What is the highest common factor of 9 and b?
9
Suppose -5*c + 95 = 5*q, -2*c = -2*q - 7 - 19. What is the highest common divisor of 128 and c?
16
Let a = -20 + 26. Let t be ((-2)/a)/(6/(-36)). Calculate the highest common factor of t and 16.
2
Let s be 4 - 5/((-25)/220). Calculate the greatest common factor of s and 32.
16
Let r(y) = y**3 - 12*y**2 - 11*y - 7. Let a be (78/(-9))/((-2)/3). Let d be r(a). Calculate the greatest common factor of d and 57.
19
Let l = 61 - -23. Calculate the greatest common divisor of l and 12.
12
Let x be 6/(-3) + 4 + 0. Suppose -x*u + 15 = -25. Let d be (0 + 4)*10/8. Calculate the greatest common factor of u and d.
5
Let v be 3 - (0 - (0 + -14)). Let h = -9 - v. Let q be (h/(-4))/(7/(-196)). What is the greatest common divisor of 14 and q?
14
Let r be (6/(-3))/(2/(-13)). Suppose -1 = -c, b - c + 0*c - 51 = 0. Calculate the highest common factor of b and r.
13
Suppose 4*v = 8*v, -25 = -j - 3*v. What is the highest common factor of j and 5?
5
Let d be (3 - (-12)/(-9)) + (-2)/(-6). Calculate the highest common divisor of 20 and d.
2
Let g be (-778)/(-10) + (-12)/(-60). What is the greatest common factor of 26 and g?
26
Let b(l) = -l**2 - 13*l - 7. Let a be b(-6). Let f = -14 + 20. Suppose -k = 5*w + 8, -5*k - 3*w + f = -20. Calculate the greatest common factor of a and k.
7
Suppose 0 = -4*m - 12 - 36. Let k = m + 34. Calculate the highest common divisor of k and 55.
11
Let h = 124 + -103. Calculate the highest common factor of h and 12.
3
Let r be 2132/14 + (-22)/77. Calculate the greatest common divisor of r and 19.
19
Let w(m) = -m - 7. Let a be w(-11). Suppose -3 = -a*t + t. Calculate the highest common factor of 3 and t.
1
Suppose 0*f = 2*f. Let j be 66/24*(f + 4). Calculate the highest common divisor of 121 and j.
11
Let t(p) = 5*p + 31. Let u be t(13). What is the highest common factor of 24 and u?
24
Let x(w) = 6*w**2 - 13 - 3*w + 13. Let c be x(2). Calculate the greatest common divisor of 9 and c.
9
Suppose -7 = 4*y - 2*f - 1, 0 = -4*f - 4. Let h = y + 13. Suppose a - 4*b = 41, 0*a + 5*a - 161 = -2*b. What is the greatest common factor of a and h?
11
Let t(y) = y**3 + 11*y**2 + 9*y + 6. Let s be t(-10). What is the greatest common divisor of s and 40?
8
Suppose -4*i + 0*i + 96 = 0. Calculate the greatest common divisor of 24 and i.
24
Let s be (1 - -11)/1*(-41)/(-41). What is the highest common divisor of s and 12?
12
Let t(r) = r**3 + 5*r**2 + 3*r + 2. Let q be t(-4). Suppose 14 + 52 = z + 3*x, -5*x = -3*z + 198. What is the greatest common factor of z and q?
6
Let h(v) = -v**2 + 7*v + 9. Let y be h(8). Let a = y + 14. Calculate the greatest common factor of 75 and a.
15
Let r be 59 + 7 + (-1 - 2/1). Calculate the highest common divisor of 9 and r.
9
Let q be 6/2*8/6. Suppose 2*b = 33 - 29. Suppose -3*f + 67 = -0*f + b*y, 3*f - 59 = -q*y. What is the greatest common divisor of 5 and f?
5
Let y(w) = -5*w**3 + 5*w**2 - 18*w - 8. Let a be y(-4). What is the highest common factor of 58 and a?
58
Suppose 893 + 7 = 9*z. Suppose 5*m + 20 = v - 0*m, 5*v - 121 = 4*m. What is the highest common divisor of v and z?
25
Let z = 7 + 126. Calculate the greatest common factor of z and 7.
7
Let r(m) = -m**3 - 9*m**2 - 9*m - 10. Let x be r(-8). Let a = 7 + x. Calculate the greatest common factor of 25 and a.
5
Let v(t) = t**2 - 7*t + 9. Let j be v(6). Let g(u) = -u**3 - 18*u**2 + 18*u + 2. Let k be g(-19). Calculate the highest common divisor of j and k.
3
Let y(h) = h**3 - 5*h**2 + h - 2. Let k be y(5). Suppose -3*d - 2*i + 0*i = -5, -3*i = 2*d. Calculate the greatest common divisor of k and d.
3
Let u = 51 - -9. Suppose -5 = -5*i + u. Let p be (-4)/16 - i/(-4). What is the greatest common factor of p and 21?
3
Let v(p) = -3*p - 4. Let b = -2 - 2. Let j be v(b). Let x = 68 + j. Calculate the greatest common divisor of 19 and x.
19
Let h = 13 - -3. Calculate the greatest common factor of 48 and h.
16
Let p = -15 + 24. Suppose -2*m = -174 - 24. Calculate the highest common divisor of m and p.
9
Let k be (-34)/(-2)*(-1 + 2). Let u be 2/4*0/(-2). Suppose -68 = -p - u*p. What is the highest common factor of k and p?
17
Let a(w) = -2 - 4 + 13*w + 1. Let y be a(5). Let u be (-60)/9*-3*6/5. What is the greatest common divisor of u and y?
12
Suppose v + 5*p = 15 + 1, -4*v - 5*p + 109 = 0. Suppose -6*o + 2*r = -4*o - 50, 5*r - v = -o. What is the greatest common divisor of o and 52?
26
Suppose r + 4 = 0, 4*l - 28 = r + 3*r. Suppose 3 - 9 = -l*a. Let h be 41/a - 6/12. What is the highest common factor of h and 50?
10
Suppose 4*z = 17*z - 156. What is the highest common divisor of z and 108?
12
Suppose -98 = -3*d + 4*w + 914, 2*d + 2*w - 670 = 0. Calculate the greatest common divisor of d and 48.
48
Let f(w) = -w**3 - 14*w**2 + w + 17. Let x be f(-14). Suppose -x = g - 5. What is the highest common factor of g and 2?
2
Let d = 31 - 22. What is the greatest common divisor of d and 27?
9
Let l = 13 - -3. What is the highest common divisor of 64 and l?
16
Suppose -3*b = 2*j - 222, -265 + 52 = -3*b - 5*j. Calculate the highest common factor of 19 and b.
19
Suppose 2*w + 0 - 6 = 0. What is the greatest common factor of 33 and w?
3
Let t = -90 - -112. Calculate the greatest common factor of t and 44.
22
Suppose -3*k + 21 + 12 = 0. What is the greatest common divisor of k and 121?
11
Suppose -2*u + 236 = -4*y, 0 = y + u + 3*u + 41. Let h be (-2)/(-8) + y/(-12). What is the greatest common divisor of 45 and h?
5
Suppose 6 = 5*v - 24. Suppose 14*f - 10 = 9*f. What is the greatest common factor of v and f?
2
Let s(o) = -o + 9. Let g be s(7). Let j = -1 + g. Suppose -4*m = -j - 3. What is the greatest common divisor of m and 4?
1
Suppose 0 = -i - 0*i + 1. Let y = 1 - 17. Let x be (y/(-10))/((-4)/(-20)). Calculate the highest common divisor of i and x.
1
Suppose 0 = -r - 4*r + 3*w + 120, -w - 22 = -r. Calculate the greatest common factor of 18 and r.
9
Let k be (5 + -1)*(-26)/8. Let y = k - -21. Let u = 55 + y. Calculate the greatest common factor of u and 9.
9
Suppose 4*h = -x + 11, 6*x = h + 3*x + 7. Let t be (-4)/(-6) - (-10)/(-6). Let q = t + 3. Calculate the greatest common divisor of h and q.
2
Suppose -393 - 307 = -4*a. Let s = 215 - 190. What is the highest common divisor of a and s?
25
Let h = -134 + 184. What is the greatest common divisor of h and 50?
50
Suppose -5*h = -b - 207, 0 = -2*b - 5*h - 348 + 9. Let i = 350 + b. Let y = i - 108. What is the highest common factor of y and 12?
12
Let x be (-186)/(-21) - 3/(-21). What is the highest common divisor of 3 and x?
3
Let g(y) = 4*y - 14. Let k be g(8). What is the greatest common divisor of 6 and k?
6
Let v = -23 + 39. Calculate the highest common factor of 40 and v.
8
Let l(i) = 8*i - 4. Let b(o) = o**2 + 1. Let t(s) = b(s) + l(s). Let m be t(-9). Let p be m/(-9) - 107/(-3). What is the greatest common divisor of p and 7?
7
Let p = 38 + -28. Calculate the greatest common factor of 4 and p.
2
Let s(r) = r**2 + 17*r + 32. Let y be s(-15). What is the highest common factor of 2 and y?
2
Let d be (-2 - -1)/2*(-14)/1. Let a = 0 - -1. What is the greatest common divisor of a and d?
1
Suppose 4*t + z - 10 = -0*t, 16 = 4*t + 4*z. Suppose t*x + 80 = 4*x. What is the greatest common divisor of x and 5?
5
Suppose 4*i - i + 2*z = 36, 3*z = -5*i + 61. Calculate the greatest common factor of 14 and i.
14
Let v(g) = g**2 - 13*g - 12. Let u be v(14). What is the highest common divisor of u and 4?
2
Let